
{"id":275,"date":"2017-10-18T14:14:10","date_gmt":"2017-10-18T12:14:10","guid":{"rendered":"https:\/\/przedszkole80.edu.wroclaw.pl\/?page_id=275"},"modified":"2022-02-28T13:58:02","modified_gmt":"2022-02-28T12:58:02","slug":"rady-nie-od-parady","status":"publish","type":"page","link":"https:\/\/przedszkole80.edu.wroclaw.pl\/index.php\/rady-nie-od-parady\/","title":{"rendered":"Rady nie od parady"},"content":{"rendered":"<div class=\"wpb-content-wrapper\"><p>[vc_row][vc_column][vc_column_text]Adaptacja<\/p>\n<p><strong>Pocz\u0105tek jest zawsze trudny<\/strong><\/p>\n<p>Nie ma si\u0119 co oszukiwa\u0107. Wi\u0119kszo\u015b\u0107 dzieci mniej lub bardziej emocjonalnie prze\u017cyje rozstanie z rodzicami i adaptacj\u0119 w nowym miejscu. Tak\u017ce dla rodzic\u00f3w, kt\u00f3rzy jak dot\u0105d byli jedynymi i najwa\u017cniejszymi opiekunami dla swojego dziecka, stresem jest to, i\u017c musz\u0105 swoje ukochane male\u0144stwo pozostawi\u0107 w nieznanym miejscu. Dla nich to tak\u017ce nowe, cz\u0119sto emocjonalne prze\u017cycie. Zaakceptujmy uczucia, kt\u00f3re si\u0119 pojawiaj\u0105. Smutek, t\u0119sknota, niepok\u00f3j, czy l\u0119k w pocz\u0105tkowej fazie adaptacji do przedszkola s\u0105 ca\u0142kowicie naturalne i nie musimy si\u0119 ich wypiera\u0107.<\/p>\n<p><strong>Jak d\u0142ugo trwa adaptacja do przedszkola?<\/strong><\/p>\n<p>U wi\u0119kszo\u015bci dzieci okres ten trwa od kilku tygodni do kilku miesi\u0119cy. O jego rzeczywistej d\u0142ugo\u015bci decyduje wiele czynnik\u00f3w, takich jak dojrza\u0142o\u015b\u0107 emocjonalna konkretnego dziecka, spos\u00f3b, w jaki do tej pory funkcjonowa\u0142o, jak r\u00f3wnie\u017c postawa rodzic\u00f3w w tym pocz\u0105tkowym okresie. Wcze\u015bniejsze wizyty w przedszkolu, zapoznanie si\u0119 z sal\u0105, Pani\u0105 wychowawczyni\u0105 i zabawkami na pewno s\u0105 pomocne, jednak jak pokazuje do\u015bwiadczenie, nawet dzieci, kt\u00f3re uczestniczy\u0142y w tzw. \u201edniach adaptacyjnych\u201d nie zawsze bezbole\u015bnie przechodz\u0105 roz\u0142\u0105k\u0119 z rodzicami w dalszej perspektywie. Czasem zdarza si\u0119 p\u0142acz po dw\u00f3ch, nawet trzech tygodniach pobytu w przedszkolu.<\/p>\n<p>Warunkiem pozytywnej adaptacji przedszkolnej przede wszystkim jest\u00a0<strong>ugruntowanie si\u0119 w dziecku przekonania, \u017ce rodzic nie odchodzi na zawsze, \u017ce wr\u00f3ci po niego,<\/strong>\u00a0pomimo, i\u017c akurat w tym momencie fizycznie nie jest przy nim obecny. Pr\u0119dzej czy p\u00f3\u017aniej, w wyniku codziennych do\u015bwiadcze\u0144, dziecko zauwa\u017cy t\u0119 zale\u017cno\u015b\u0107, wi\u0119c po prostu trzeba uzbroi\u0107 si\u0119 w cierpliwo\u015b\u0107. Jak ka\u017cde trudne do\u015bwiadczenie, przez kt\u00f3re si\u0119 przejdzie, tak\u017ce i to, zdobyte w trakcie adaptacji do przedszkola, ma du\u017c\u0105 warto\u015b\u0107 \u2013 uodparnia emocjonalnie, wzmacnia w dziecku poczucie wiary w siebie i otwiera mu drog\u0119 do dalszego rozwoju.<\/p>\n<p><strong>Pierwsze dni w przedszkolu \u2013 o czym warto wiedzie\u0107?<\/strong><\/p>\n<ul>\n<li>Rodzice musz\u0105 by\u0107 pewni swojej decyzji o pos\u0142aniu dziecka do przedszkola. W obecno\u015bci dziecka nie powinni poddawa\u0107 w w\u0105tpliwo\u015b\u0107 tego, czy dobrze czy \u017ale robi\u0105. Dziecko momentalnie wyczuje nasze wahanie, co z pewno\u015bci\u0105 nie pomo\u017ce mu w adaptacji.<\/li>\n<li>M\u00f3w pozytywnie o przedszkolu, ale nie idealizuj go zanadto. Przedstaw je jako przyjemne miejsce, w kt\u00f3rym b\u0119dzie spotyka\u0142 si\u0119 z r\u00f3wie\u015bnikami i uczy\u0142 mn\u00f3stwa nowych rzeczy.<\/li>\n<li>Opowiedz dziecku o tym jak sam chodzi\u0142e\u015b do przedszkola w dzieci\u0144stwie. Co wspominasz najmilej?<\/li>\n<li>Je\u015bli to mo\u017cliwe, rozs\u0105dnym pomys\u0142em jest odprowadzanie dziecka w tych pierwszych dniach przez tat\u0119 z uwagi na mniejsz\u0105 doz\u0119 emocjonalno\u015bci, kt\u00f3ra cz\u0119sto towarzyszy relacji z matk\u0105.<\/li>\n<li>Pozw\u00f3l dziecku zabra\u0107 do przedszkola ukochanego misia lub inn\u0105 zabawk\u0119. Dzi\u0119ki temu nie b\u0119dzie si\u0119 czu\u0142o osamotnione.<\/li>\n<li>Nie przed\u0142u\u017caj po\u017cegna\u0144 i nie roztkliwiaj si\u0119 przy dziecku.<\/li>\n<li>Nie zabieraj dziecka do domu, kiedy p\u0142acze przy rozstaniu. Je\u015bli zrobisz to chocia\u017c raz, b\u0119dzie wiedzia\u0142o, \u017ce \u0142zami mo\u017cna wszystko wymusi\u0107.<\/li>\n<li>Pocz\u0105tkowo odbieraj dziecko wcze\u015bniej i stopniowo wyd\u0142u\u017caj jego pobyt.<\/li>\n<li>Zapewniaj dziecko, \u017ce wr\u00f3cisz po niego, podaj\u0105c por\u0119 przybycia, np. po obiedzie. Niezwykle istotne jest spe\u0142nianie tych um\u00f3w od samego pocz\u0105tku. To budzi zaufanie i dziecku \u0142atwiej rozsta\u0107 si\u0119 z rodzicem, kt\u00f3ry ka\u017cdorazowo przychodzi po niego w ustalonym czasie.<\/li>\n<li>Je\u015bli to mo\u017cliwe przez pocz\u0105tkowy okres nie przychod\u017a po dziecko jako ostatni.<\/li>\n<li>Zadbaj o wygodne ubranie dziecka. Pozostaw w szafce w szatni dodatkowe ubrania na zmian\u0119.<\/li>\n<li>Nie zmuszaj dziecka\u00a0\u00a0do\u00a0\u00a0tego by\u00a0\u00a0zawsze\u00a0\u00a0od razu opowiada\u0142o o tym, co wydarzy\u0142o si\u0119 w przedszkolu.\u00a0Z czasem maluch sam zacznie opowiada\u0107 o swoich prze\u017cyciach.<\/li>\n<li>Warto nawi\u0105za\u0107 kontakt z wychowawc\u0105 grupy. Nauczyciel ch\u0119tnie poinformuje rodzica o tym, jak dziecko zjada\u0142o posi\u0142ek, jak si\u0119 zachowywa\u0142o, jak radzi sobie podczas zabaw z r\u00f3wie\u015bnikami.<\/li>\n<li>W \u017cadnym wypadku nie straszmy dziecka przedszkolem, stosuj\u0105c ostrze\u017cenia typu: \u201eJak nie b\u0119dziesz mnie s\u0142ucha\u0142, to w przedszkolu Ci\u0119 naucz\u0105\u201d itp.<\/li>\n<\/ul>\n<p><strong>Pami\u0119taj! Ka\u017cda zmiana daje szans\u0119 na rozw\u00f3j<\/strong><\/p>\n<p>Posy\u0142aj\u0105c dziecko do przedszkola nie traktujmy tego w kategoriach smutnej konieczno\u015bci.\u00a0Zauwa\u017cmy\u00a0<strong>pozytywne aspekty<\/strong>\u00a0dokonuj\u0105cej si\u0119 w\u0142a\u015bnie zmiany w \u017cyciu naszego dziecka. Zdobyte w przedszkolu do\u015bwiadczenia s\u0105 jedyne w swoim rodzaju. Grupa przedszkolna daje mo\u017cliwo\u015b\u0107 poznania podstawowych zasad \u017cycia w spo\u0142eczno\u015bci. Zasady obowi\u0105zuj\u0105ce w kontaktach z lud\u017ami musi pozna\u0107 ka\u017cdy i przedszkole bardzo si\u0119 w tym przydaje. Dziecko nauczy si\u0119 nie tylko wsp\u00f3\u0142pracy z r\u00f3wie\u015bnikami, nabierze odwagi i wiary we w\u0142asne mo\u017cliwo\u015bci, ale zyska o wiele wi\u0119cej. Przedszkole stanowi\u00a0<strong>doskona\u0142e przygotowanie do szkolnych obowi\u0105zk\u00f3w<\/strong>. Dziecko uczy si\u0119 koncentracji, wype\u0142niania polece\u0144, rozwija samodzielno\u015b\u0107.<\/p>\n<p><a href=\"https:\/\/przedszkole80.edu.wroclaw.pl\/wp-content\/uploads\/sites\/29\/2018\/05\/Zdrowe-od\u017cywianie-dzieci-w-wieku-przedszkolnym.odt\">Zdrowe od\u017cywianie dzieci w wieku przedszkolnym<\/a><\/p>\n<p>[\/vc_column_text][\/vc_column][\/vc_row]<\/p>\n<\/div>","protected":false},"excerpt":{"rendered":"<p>[vc_row][vc_column][vc_column_text]Adaptacja Pocz\u0105tek jest zawsze trudny Nie ma si\u0119 co oszukiwa\u0107. Wi\u0119kszo\u015b\u0107 dzieci mniej lub bardziej emocjonalnie prze\u017cyje rozstanie z rodzicami i adaptacj\u0119 w nowym miejscu. Tak\u017ce dla rodzic\u00f3w, kt\u00f3rzy jak [&hellip;]<\/p>\n","protected":false},"author":7,"featured_media":0,"parent":0,"menu_order":0,"comment_status":"closed","ping_status":"closed","template":"","meta":{"ngg_post_thumbnail":0,"footnotes":""},"class_list":["post-275","page","type-page","status-publish","hentry","clearfix"],"_links":{"self":[{"href":"https:\/\/przedszkole80.edu.wroclaw.pl\/index.php\/wp-json\/wp\/v2\/pages\/275","targetHints":{"allow":["GET"]}}],"collection":[{"href":"https:\/\/przedszkole80.edu.wroclaw.pl\/index.php\/wp-json\/wp\/v2\/pages"}],"about":[{"href":"https:\/\/przedszkole80.edu.wroclaw.pl\/index.php\/wp-json\/wp\/v2\/types\/page"}],"author":[{"embeddable":true,"href":"https:\/\/przedszkole80.edu.wroclaw.pl\/index.php\/wp-json\/wp\/v2\/users\/7"}],"replies":[{"embeddable":true,"href":"https:\/\/przedszkole80.edu.wroclaw.pl\/index.php\/wp-json\/wp\/v2\/comments?post=275"}],"version-history":[{"count":7,"href":"https:\/\/przedszkole80.edu.wroclaw.pl\/index.php\/wp-json\/wp\/v2\/pages\/275\/revisions"}],"predecessor-version":[{"id":3676,"href":"https:\/\/przedszkole80.edu.wroclaw.pl\/index.php\/wp-json\/wp\/v2\/pages\/275\/revisions\/3676"}],"wp:attachment":[{"href":"https:\/\/przedszkole80.edu.wroclaw.pl\/index.php\/wp-json\/wp\/v2\/media?parent=275"}],"curies":[{"name":"wp","href":"https:\/\/api.w.org\/{rel}","templated":true}]}}